{"id":1097,"date":"2019-02-16T11:18:27","date_gmt":"2019-02-16T10:18:27","guid":{"rendered":"http:\/\/www.virada.ovh\/virada\/?page_id=1097"},"modified":"2019-02-28T18:20:09","modified_gmt":"2019-02-28T17:20:09","slug":"legal-de","status":"publish","type":"page","link":"https:\/\/www.virada.ovh\/virada\/de\/legal-de\/","title":{"rendered":"Legal"},"content":{"rendered":"<div class='e-content'>\n<p>Conform\u00e9ment aux dispositions des articles 6-III et 19 de la Loi n\u00b0 2004-575 du 21 juin 2004 pour la Confiance dans l\u2019\u00e9conomie num\u00e9rique, dite L.C.E.N., nous portons \u00e0 la connaissance des utilisateurs et visiteurs du site :&nbsp;<strong>www.virada.ovh\/virada<\/strong> les informations suivantes :<\/p>\n<p><strong>1. Informations l\u00e9gales :<\/strong><\/p>\n<p>Statut du propri\u00e9taire : <strong>particulier<\/strong><br>Le Propri\u00e9taire est : Jean-Jacques<strong> Bernhard<\/strong><br>Adresse postale du propri\u00e9taire : <strong>49 Route de Neuvic -24110 Saint L\u00e9on sur l\u2019isle<\/strong><\/p>\n<p>Le Cr\u00e9ateur du site est : <strong>Bernhard Jean-Jacques<\/strong><br>Le Responsable de la publication est : <strong>Bernhard Jean-Jacques<\/strong><br>Contacter le responsable de la publication : <strong><span class=\"\">virada@free.fr<\/span><\/strong><br>Le responsable de la publication est une<strong> personne physique<\/strong><\/p>\n<p>Le Webmaster est : Jean-Jacques<strong> Bernhard<\/strong><br>Contacter le Webmaster : <strong><span class=\"\">virada@free.fr<\/span><\/strong><br>L\u2019hebergeur du site est : <strong>OVH 2 rue Kellermann &#8211; 59100 Roubaix &#8211; France Cedex 08<\/strong><br><strong><u>CREDIT :<\/u> <\/strong> Les mentions l\u00e9gales ont \u00e9t\u00e9s g\u00e9n\u00e9r\u00e9es par<strong> <a href=\"https:\/\/www.generer-mentions-legales.com\/generateur-mentions-legales.html\" target=\"_blank\" rel=\"noopener noreferrer\">g\u00e9n\u00e9rateur de mentions legales<\/a><\/strong><br>Renseignements sur la <a href=\"https:\/\/editioneo.com\/formalites\/declaration-cnil\" target=\"_blank\" rel=\"noopener noreferrer\">conformit\u00e9 RGPD<\/a><\/p>\n<p><strong>2. Pr\u00e9sentation et principe :<\/strong><\/p>\n<p>Est d\u00e9sign\u00e9 ci-apr\u00e8s : <strong>Utilisateur<\/strong>, tout internaute se connectant et utilisant le site susnomm\u00e9 : virado<br>Le site <strong>www.virada.ovh\/virada<\/strong> regroupe un ensemble de services, dans l\u2019\u00e9tat, mis \u00e0 la disposition des utilisateurs. Il est ici pr\u00e9cis\u00e9 que ces derniers doivent rester courtois et faire preuve de bonne foi tant envers les autres utilisateurs qu\u2019envers le webmaster du site <strong>virada.free.fr\/www\/virada<\/strong>. Le site <strong>www.virada.ovh\/virada<\/strong> est mis \u00e0 jour r\u00e9guli\u00e8rement par JJ Bernhard.<br>Nadine Bernhard s\u2019efforce de fournir sur le site <strong>www.virada.ovh\/virada<\/strong> des informations les plus pr\u00e9cises possibles (sous r\u00e9serve de modifications apport\u00e9es depuis leur mise en ligne), mais ne saurait garantir l\u2019exactitude, la compl\u00e9tude et l\u2019actualit\u00e9 des informations diffus\u00e9es sur son site, qu\u2019elles soient de son fait ou du fait des tiers partenaires qui lui fournissent ces informations. En cons\u00e9quence, l\u2019utilisateur reconna\u00eet utiliser ces informations donn\u00e9es (\u00e0 titre indicatif, non exhaustives et susceptibles d\u2019\u00e9voluer) sous sa responsabilit\u00e9 exclusive.<\/p>\n<p><strong>3. Accessibilit\u00e9 :<\/strong><\/p>\n<p>Le site <strong>vwww.virada.ovh\/virada<\/strong> est par principe accessible aux utilisateurs 24\/24h, 7\/7j, sauf interruption, programm\u00e9e ou non, pour les besoins de sa maintenance ou en cas de force majeure. En cas d\u2019impossibilit\u00e9 d\u2019acc\u00e8s au service,&nbsp;<strong>www.virada.ovh\/virada<\/strong> s\u2019engage \u00e0 faire son maximum afin de r\u00e9tablir l\u2019acc\u00e8s au service et s\u2019efforcera alors de communiquer pr\u00e9alablement aux utilisateurs les dates et heures de l\u2019intervention. N\u2019\u00e9tant soumis qu\u2019\u00e0 une obligation de moyen,&nbsp;<strong>www.virada.ovh\/virada<\/strong> ne saurait \u00eatre tenu pour responsable de tout dommage, quelle qu\u2019en soit la nature, r\u00e9sultant d\u2019une indisponibilit\u00e9 du service.<\/p>\n<p><strong>4. Propri\u00e9t\u00e9 intellectuelle :<\/strong><\/p>\n<p>Nadine Bernhard est propri\u00e9taire exclusif de tous les droits de propri\u00e9t\u00e9 intellectuelle ou d\u00e9tient les droits d\u2019usage sur tous les \u00e9l\u00e9ments accessibles sur le site, tant sur la structure que sur les textes, images, graphismes, logo, ic\u00f4nes, sons, logiciels\u2026<br>Toute reproduction totale ou partielle du site <strong>www.virada.ovh\/virada<\/strong>, repr\u00e9sentation, modification, publication, adaptation totale ou partielle de l\u2019un quelconque de ces \u00e9l\u00e9ments, quel que soit le moyen ou le proc\u00e9d\u00e9 utilis\u00e9, est interdite, sauf autorisation \u00e9crite pr\u00e9alable de JJ Bernhard, propri\u00e9taire du site \u00e0 l\u2019email : virada@free.fr, \u00e0 d\u00e9faut elle sera consid\u00e9r\u00e9e comme constitutive d\u2019une contrefa\u00e7on et passible de poursuite conform\u00e9ment aux dispositions des articles L.335-2 et suivants du Code de Propri\u00e9t\u00e9 Intellectuelle.<\/p>\n<p><strong>5. Liens hypertextes et cookies :<\/strong><\/p>\n<p>Le site <strong>www.virada.ovh\/virada<\/strong> contient un certain nombre de liens hypertextes vers d\u2019autres sites (partenaires, informations \u2026) mis en place avec l\u2019autorisation de Nadine Bernhard. Cependant, Nadine Bernhard n\u2019a pas la possibilit\u00e9 de v\u00e9rifier l\u2019ensemble du contenu des sites ainsi visit\u00e9s et d\u00e9cline donc toute responsabilit\u00e9 de ce fait quand aux risques \u00e9ventuels de contenus illicites.<br>L\u2019utilisateur est inform\u00e9 que lors de ses visites sur le site <strong>www.virada.ovh\/virada<\/strong>, un ou des cookies sont susceptibles de s\u2019installer automatiquement sur son ordinateur par l\u2019interm\u00e9diaire de son logiciel de navigation. Un cookie est un bloc de donn\u00e9es qui ne permet pas d\u2019identifier l\u2019utilisateur, mais qui enregistre des informations relatives \u00e0 la navigation de celui-ci sur le site.<br>Le param\u00e9trage du logiciel de navigation permet d\u2019informer de la pr\u00e9sence de cookie et \u00e9ventuellement, de la refuser de la mani\u00e8re d\u00e9crite \u00e0 l\u2019adresse suivante : <a href=\"http:\/\/www.cnil.fr\">www.cnil.fr<\/a>. L\u2019utilisateur peut toutefois configurer le navigateur de son ordinateur pour refuser l\u2019installation des cookies, sachant que le refus d\u2019installation d\u2019un cookie peut entra\u00eener l\u2019impossibilit\u00e9 d\u2019acc\u00e9der \u00e0 certains services. Pour tout bloquage des cookies, tapez dans votre moteur de recherche : bloquage des cookies sous IE ou firefox et suivez les instructions en fonction de votre version.<\/p>\n<p><strong>6. Protection des biens et des personnes \u2013 gestion des donn\u00e9es personnelles :<\/strong><\/p>\n<p>En France, les donn\u00e9es personnelles sont notamment prot\u00e9g\u00e9es par la loi n\u00b0 78-87 du 6 janvier 1978, la loi n\u00b0 2004-801 du 6 ao\u00fbt 2004, l\u2019article L. 226-13 du Code p\u00e9nal et la Directive Europ\u00e9enne du 24 octobre 1995.<\/p>\n<p>Sur le site <strong>www.virada.ovh\/virada<\/strong>, JJ Bernhard ne collecte des informations personnelles ( suivant l\u2019article 4 loi n\u00b078-17 du 06 janvier 1978) relatives \u00e0 l\u2019utilisateur que pour le besoin de certains services propos\u00e9s par le site <strong>www.virada.ovh\/virada<\/strong>. L\u2019utilisateur fournit ces informations en toute connaissance de cause, notamment lorsqu\u2019il proc\u00e8de par lui-m\u00eame \u00e0 leur saisie. Il est alors pr\u00e9cis\u00e9 \u00e0 l\u2019utilisateur du site <strong>www.virada.ovh\/virada<\/strong> l\u2019obligation ou non de fournir ces informations.<br>Conform\u00e9ment aux dispositions des articles 38 et suivants de la loi 78-17 du 6 janvier 1978 relative \u00e0 l\u2019informatique, aux fichiers et aux libert\u00e9s, tout utilisateur dispose d\u2019un droit d\u2019acc\u00e8s, de rectification, de suppression et d\u2019opposition aux donn\u00e9es personnelles le concernant. Pour l\u2019exercer, adressez votre demande \u00e0 <strong>www.virada.ovh\/virada<\/strong> par email : <strong><span class=\"\">virada@free.fr<\/span><\/strong> ou par \u00e9crit d\u00fbment sign\u00e9e, accompagn\u00e9e d\u2019une copie du titre d\u2019identit\u00e9 avec signature du titulaire de la pi\u00e8ce, en pr\u00e9cisant l\u2019adresse \u00e0 laquelle la r\u00e9ponse doit \u00eatre envoy\u00e9e.<\/p>\n<p>Aucune information personnelle de l\u2019utilisateur du site <strong>www.virada.ovh\/virada<\/strong> n\u2019est publi\u00e9e \u00e0 l\u2019insu de l\u2019utilisateur, \u00e9chang\u00e9e, transf\u00e9r\u00e9e, c\u00e9d\u00e9e ou vendue sur un support quelconque \u00e0 des tiers. Seule l\u2019hypoth\u00e8se du rachat du site <strong>www.virada.ovh\/virada<\/strong> et de ses droits autorise Nadine Bernhard \u00e0 transmettre les dites informations \u00e0 l\u2019\u00e9ventuel acqu\u00e9reur qui serait \u00e0 son tour tenu \u00e0 la m\u00eame obligation de conservation et de modification des donn\u00e9es vis \u00e0 vis de l\u2019utilisateur du site <br><strong>www.virada.ovh\/virada<\/strong>. Le site <strong>www.virada.ovh\/virada<\/strong> est en conformit\u00e9 avec le RGPD voir notre politique RGPD<\/p>\n<p>Les bases de donn\u00e9es sont prot\u00e9g\u00e9es par les dispositions de la loi du 1er juillet 1998 transposant la directive 96\/9 du 11 mars 1996 relative \u00e0 la protection juridique des bases de donn\u00e9es<\/p>\n<\/div>","protected":false},"excerpt":{"rendered":"<div class='e-content p-summary'>Conform\u00e9ment aux dispositions des articles 6-III et 19 de la Loi n\u00b0 2004-575 du 21 juin 2004 pour la Confiance dans l\u2019\u00e9conomie num\u00e9rique, dite L.C.E.N., nous portons \u00e0 la connaissance des utilisateurs et visiteurs du site :&nbsp;www.virada.ovh\/virada les informations suivantes &hellip; <a href=\"https:\/\/www.virada.ovh\/virada\/de\/legal-de\/\">Continuer la lecture <span class=\"meta-nav\">&rarr;<\/span><\/a><\/div>\n","protected":false},"author":1,"featured_media":0,"parent":0,"menu_order":0,"comment_status":"closed","ping_status":"closed","template":"","meta":{"footnotes":""},"_links":{"self":[{"href":"https:\/\/www.virada.ovh\/virada\/wp-json\/wp\/v2\/pages\/1097"}],"collection":[{"href":"https:\/\/www.virada.ovh\/virada\/wp-json\/wp\/v2\/pages"}],"about":[{"href":"https:\/\/www.virada.ovh\/virada\/wp-json\/wp\/v2\/types\/page"}],"author":[{"embeddable":true,"href":"https:\/\/www.virada.ovh\/virada\/wp-json\/wp\/v2\/users\/1"}],"replies":[{"embeddable":true,"href":"https:\/\/www.virada.ovh\/virada\/wp-json\/wp\/v2\/comments?post=1097"}],"version-history":[{"count":8,"href":"https:\/\/www.virada.ovh\/virada\/wp-json\/wp\/v2\/pages\/1097\/revisions"}],"predecessor-version":[{"id":1160,"href":"https:\/\/www.virada.ovh\/virada\/wp-json\/wp\/v2\/pages\/1097\/revisions\/1160"}],"wp:attachment":[{"href":"https:\/\/www.virada.ovh\/virada\/wp-json\/wp\/v2\/media?parent=1097"}],"curies":[{"name":"wp","href":"https:\/\/api.w.org\/{rel}","templated":true}]}}